{"version":"1.0","provider_name":"Italtel","provider_url":"https:\/\/www.italtel.com\/de\/","author_name":"Daniela Fontana","author_url":"https:\/\/www.italtel.com\/de\/author\/fontanad\/","title":"Italtel verabschiedet seinen Jahresabschluss 2025 - Italtel","type":"rich","width":600,"height":338,"html":"<blockquote class=\"wp-embedded-content\" data-secret=\"umknSkrwhb\"><a href=\"https:\/\/www.italtel.com\/de\/italtel-verabschiedet-seinen-jahresabschluss-2025\/\">Italtel verabschiedet seinen Jahresabschluss 2025<\/a><\/blockquote><iframe sandbox=\"allow-scripts\" security=\"restricted\" src=\"https:\/\/www.italtel.com\/de\/italtel-verabschiedet-seinen-jahresabschluss-2025\/embed\/#?secret=umknSkrwhb\" width=\"600\" height=\"338\" title=\"&#8222;Italtel verabschiedet seinen Jahresabschluss 2025&#8220; &#8211; Italtel\" data-secret=\"umknSkrwhb\" frameborder=\"0\" marginwidth=\"0\" marginheight=\"0\" scrolling=\"no\" class=\"wp-embedded-content\"><\/iframe><script type=\"text\/javascript\">\n\/* <![CDATA[ *\/\n\/*! This file is auto-generated *\/\n!function(d,l){\"use strict\";l.querySelector&&d.addEventListener&&\"undefined\"!=typeof URL&&(d.wp=d.wp||{},d.wp.receiveEmbedMessage||(d.wp.receiveEmbedMessage=function(e){var t=e.data;if((t||t.secret||t.message||t.value)&&!\/[^a-zA-Z0-9]\/.test(t.secret)){for(var s,r,n,a=l.querySelectorAll('iframe[data-secret=\"'+t.secret+'\"]'),o=l.querySelectorAll('blockquote[data-secret=\"'+t.secret+'\"]'),c=new RegExp(\"^https?:$\",\"i\"),i=0;i<o.length;i++)o[i].style.display=\"none\";for(i=0;i<a.length;i++)s=a[i],e.source===s.contentWindow&&(s.removeAttribute(\"style\"),\"height\"===t.message?(1e3<(r=parseInt(t.value,10))?r=1e3:~~r<200&&(r=200),s.height=r):\"link\"===t.message&&(r=new URL(s.getAttribute(\"src\")),n=new URL(t.value),c.test(n.protocol))&&n.host===r.host&&l.activeElement===s&&(d.top.location.href=t.value))}},d.addEventListener(\"message\",d.wp.receiveEmbedMessage,!1),l.addEventListener(\"DOMContentLoaded\",function(){for(var e,t,s=l.querySelectorAll(\"iframe.wp-embedded-content\"),r=0;r<s.length;r++)(t=(e=s[r]).getAttribute(\"data-secret\"))||(t=Math.random().toString(36).substring(2,12),e.src+=\"#?secret=\"+t,e.setAttribute(\"data-secret\",t)),e.contentWindow.postMessage({message:\"ready\",secret:t},\"*\")},!1)))}(window,document);\n\/\/# sourceURL=https:\/\/www.italtel.com\/wp-includes\/js\/wp-embed.min.js\n\/* ]]> *\/\n<\/script>\n","thumbnail_url":"https:\/\/www.italtel.com\/wp-content\/uploads\/2024\/07\/Gruppo-di-maschere-16.jpg","thumbnail_width":1362,"thumbnail_height":650,"description":"Die Hauptversammlung von Italtel hat den Jahresabschluss f\u00fcr das Gesch\u00e4ftsjahr 2025 genehmigt. Italtel schloss das Jahr 2025 mit den besten Ergebnissen der letzten Jahre ab und best\u00e4tigte damit die St\u00e4rke des Wachstumskurses der Gruppe."}

Die Hauptversammlung von Italtel hat den Jahresabschluss für das Geschäftsjahr 2025 genehmigt. Italtel schloss das Jahr 2025 mit den besten Ergebnissen der letzten Jahre ab und bestätigte damit die Stärke des Wachstumskurses der Gruppe.
